{"id":15338,"date":"2025-05-20T10:06:32","date_gmt":"2025-05-20T08:06:32","guid":{"rendered":"https:\/\/www.oliquide.com\/blog\/?page_id=15338"},"modified":"2026-04-08T09:18:38","modified_gmt":"2026-04-08T07:18:38","slug":"page-daccueil","status":"publish","type":"page","link":"https:\/\/www.oliquide.com\/blog\/","title":{"rendered":"Page d&rsquo;accueil"},"content":{"rendered":"<div id=\"ez-toc-container\" class=\"ez-toc-v2_0_82_2 counter-hierarchy ez-toc-counter ez-toc-grey ez-toc-container-direction\">\n<div class=\"ez-toc-title-container\">\n<p class=\"ez-toc-title\" style=\"cursor:inherit\">Sommaire<\/p>\n<span class=\"ez-toc-title-toggle\"><a href=\"#\" class=\"ez-toc-pull-right ez-toc-btn ez-toc-btn-xs ez-toc-btn-default ez-toc-toggle\" aria-label=\"Toggle Table of Content\"><span class=\"ez-toc-js-icon-con\"><span class=\"\"><span class=\"eztoc-hide\" style=\"display:none;\">Toggle<\/span><span class=\"ez-toc-icon-toggle-span\"><svg style=\"fill: #999;color:#999\" xmlns=\"http:\/\/www.w3.org\/2000\/svg\" class=\"list-377408\" width=\"20px\" height=\"20px\" viewBox=\"0 0 24 24\" fill=\"none\"><path d=\"M6 6H4v2h2V6zm14 0H8v2h12V6zM4 11h2v2H4v-2zm16 0H8v2h12v-2zM4 16h2v2H4v-2zm16 0H8v2h12v-2z\" fill=\"currentColor\"><\/path><\/svg><svg style=\"fill: #999;color:#999\" class=\"arrow-unsorted-368013\" xmlns=\"http:\/\/www.w3.org\/2000\/svg\" width=\"10px\" height=\"10px\" viewBox=\"0 0 24 24\" version=\"1.2\" baseProfile=\"tiny\"><path d=\"M18.2 9.3l-6.2-6.3-6.2 6.3c-.2.2-.3.4-.3.7s.1.5.3.7c.2.2.4.3.7.3h11c.3 0 .5-.1.7-.3.2-.2.3-.5.3-.7s-.1-.5-.3-.7zM5.8 14.7l6.2 6.3 6.2-6.3c.2-.2.3-.5.3-.7s-.1-.5-.3-.7c-.2-.2-.4-.3-.7-.3h-11c-.3 0-.5.1-.7.3-.2.2-.3.5-.3.7s.1.5.3.7z\"\/><\/svg><\/span><\/span><\/span><\/a><\/span><\/div>\n<nav><ul class='ez-toc-list ez-toc-list-level-1 eztoc-toggle-hide-by-default' ><li class='ez-toc-page-1 ez-toc-heading-level-1'><a class=\"ez-toc-link ez-toc-heading-1\" href=\"https:\/\/www.oliquide.com\/blog\/#Bienvenue_sur_la_vapactu_dOliquide\" >Bienvenue sur la vap&rsquo;actu d\u2019Oliquide !<\/a><ul class='ez-toc-list-level-2' ><li class='ez-toc-heading-level-2'><a class=\"ez-toc-link ez-toc-heading-2\" href=\"https:\/\/www.oliquide.com\/blog\/#Nos_astuces_et_conseils\" >Nos astuces et conseils<\/a><\/li><\/ul><\/li><\/ul><\/nav><\/div>\n<h1><span class=\"ez-toc-section\" id=\"Bienvenue_sur_la_vapactu_dOliquide\"><\/span>Bienvenue sur la vap&rsquo;actu d\u2019Oliquide !<span class=\"ez-toc-section-end\"><\/span><\/h1>\n<div>\n<p>Que vous soyez vapoteur d\u00e9butant ou expert, notre blog est l\u00e0 pour vous accompagner \u00e0 chaque \u00e9tape de votre aventure. Retrouvez ici des conseils pratiques, des guides d\u2019achat, des astuces pour optimiser votre exp\u00e9rience, ainsi que les derni\u00e8res tendances du monde de la vape et du CBD.<\/p>\n<\/div>\n<div>\n<\/div>\n<div>\n<\/div>\n<h2><span class=\"ez-toc-section\" id=\"Nos_astuces_et_conseils\"><\/span><strong>Nos astuces et conseils<\/strong><span class=\"ez-toc-section-end\"><\/span><\/h2>\n<div>\n<\/div>\n<p><p>\n        Voir tous les conseils    <\/p>\n<\/p>\n<p><!--more--><br \/>\n<!-- {\"type\":\"layout\",\"children\":[{\"type\":\"section\",\"props\":{\"image_position\":\"center-center\",\"padding\":\"small\",\"padding_remove_top\":false,\"style\":\"muted\",\"title_breakpoint\":\"xl\",\"title_position\":\"top-left\",\"title_rotation\":\"left\",\"vertical_align\":\"middle\",\"width\":\"default\"},\"children\":[{\"type\":\"row\",\"children\":[{\"type\":\"column\",\"props\":{\"image_position\":\"center-center\",\"position_sticky_breakpoint\":\"m\"},\"children\":[{\"type\":\"headline\",\"props\":{\"content\":\"Bienvenue sur la vap'actu d\\u2019Oliquide !\",\"title_element\":\"h1\",\"title_style\":\"h1\"}},{\"type\":\"text\",\"props\":{\"column_breakpoint\":\"m\",\"content\":\"\n\n<p>Que vous soyez vapoteur d\\u00e9butant ou expert, notre blog est l\\u00e0 pour vous accompagner \\u00e0 chaque \\u00e9tape de votre aventure. Retrouvez ici des conseils pratiques, des guides d\\u2019achat, des astuces pour optimiser votre exp\\u00e9rience, ainsi que les derni\\u00e8res tendances du monde de la vape et du CBD.<\\\/p>\",\"margin\":\"default\"}}]}],\"props\":{\"margin_remove_bottom\":false,\"margin_remove_top\":false}},{\"type\":\"row\",\"children\":[{\"type\":\"column\",\"props\":{\"image_position\":\"center-center\",\"position_sticky_breakpoint\":\"m\"}}]}],\"name\":\"Titre et infos\"},{\"type\":\"section\",\"props\":{\"image_position\":\"center-center\",\"style\":\"default\",\"title_breakpoint\":\"xl\",\"title_position\":\"top-left\",\"title_rotation\":\"left\",\"vertical_align\":\"middle\",\"width\":\"default\"},\"children\":[{\"type\":\"row\",\"props\":{\"layout\":\"1-2,1-2\"},\"children\":[{\"type\":\"column\",\"props\":{\"attributes\":\"overflow = hidden\",\"image_position\":\"center-center\",\"padding\":\"none\",\"position_sticky_breakpoint\":\"m\",\"vertical_align\":\"middle\",\"width_medium\":\"1-2\"},\"children\":[{\"type\":\"overlay\",\"props\":{\"attributes\":\"overflow = hidden\",\"content_expand\":false,\"css\":\".uk-flex {\\n    border-radius :40px;\\n    overflow : hidden;\\n}\",\"height_expand\":true,\"link_style\":\"text\",\"link_text\":\"D\\u00e9couvrir l'article\",\"margin\":\"default\",\"meta_align\":\"above-title\",\"meta_color\":\"primary\",\"meta_element\":\"div\",\"meta_style\":\"text-meta\",\"overlay_hover\":false,\"overlay_link\":true,\"overlay_mode\":\"cover\",\"overlay_position\":\"bottom-left\",\"overlay_style\":\"\",\"overlay_transition\":\"fade\",\"overlay_transition_background\":true,\"text_align\":\"left\",\"text_blend\":false,\"text_color\":\"light\",\"title_element\":\"h3\",\"title_hover_style\":\"reset\",\"title_margin\":\"remove\",\"title_style\":\"h2\"},\"source\":{\"query\":{\"name\":\"posts.customPost\",\"arguments\":{\"terms\":[3,4,5,9,11,14,807,17,1014,27,663,35,7,28,36,8,10,12,29,37,22,1,18,19,20,23,21],\"category_operator\":\"IN\",\"post_tag_operator\":\"IN\",\"users\":[],\"users_operator\":\"IN\",\"offset\":0,\"order\":\"date\",\"order_direction\":\"DESC\"}},\"props\":{\"image\":{\"name\":\"featuredImage.url\"},\"title\":{\"name\":\"title\"},\"meta\":{\"arguments\":{\"separator\":\", \",\"show_link\":true,\"link_style\":\"\"},\"name\":\"categoryString\"},\"link\":{\"name\":\"link\"}}}}]},{\"type\":\"column\",\"props\":{\"image_position\":\"center-center\",\"position_sticky_breakpoint\":\"m\",\"width_medium\":\"1-2\"},\"children\":[{\"type\":\"grid\",\"props\":{\"blend\":false,\"content_column_breakpoint\":\"m\",\"filter_align\":\"left\",\"filter_all\":true,\"filter_grid_breakpoint\":\"m\",\"filter_grid_width\":\"auto\",\"filter_position\":\"top\",\"filter_style\":\"tab\",\"grid_column_align\":true,\"grid_default\":\"1\",\"grid_large\":\"1\",\"grid_medium\":\"1\",\"grid_parallax_justify\":false,\"grid_row_align\":false,\"grid_xlarge\":\"1\",\"icon_width\":\"100\",\"image_align\":\"left\",\"image_grid_breakpoint\":\"m\",\"image_grid_width\":\"auto\",\"image_height\":160,\"image_link\":true,\"image_loading\":true,\"image_svg_color\":\"emphasis\",\"image_svg_inline\":false,\"image_vertical_align\":true,\"image_width\":230,\"item_animation\":true,\"lightbox_bg_close\":true,\"link_style\":\"default\",\"link_text\":\"\",\"margin\":\"remove-vertical\",\"meta_align\":\"above-title\",\"meta_color\":\"secondary\",\"meta_element\":\"div\",\"meta_margin\":\"remove\",\"meta_style\":\"text-small\",\"panel_image_no_padding\":true,\"panel_link\":true,\"panel_padding\":\"small\",\"panel_style\":\"card-default\",\"show_content\":false,\"show_hover_image\":true,\"show_hover_video\":true,\"show_image\":true,\"show_link\":true,\"show_meta\":true,\"show_title\":true,\"show_video\":true,\"text_align\":\"left\",\"title_align\":\"top\",\"title_element\":\"div\",\"title_grid_breakpoint\":\"m\",\"title_grid_width\":\"1-2\",\"title_hover_style\":\"reset\",\"title_link\":false,\"title_margin\":\"remove\",\"title_style\":\"h4\",\"visibility\":\"l\"},\"children\":[{\"type\":\"grid_item\",\"source\":{\"query\":{\"name\":\"posts.customPosts\",\"arguments\":{\"terms\":[3,4,5,9,11,14,807,17,1014,27,663,35,7,28,36,8,10,12,29,37,22,1,18,19,20,23,21,469,789,582,978,873,38,39,40,41,638,42,43,945,44,590,719,45,1003,971,773,46,47,48,636,49,717,50,605,481,783,51,52,53,884,54,55,56,57,58,59,60,614,629,822,709,61,62,1006,979,684,63,64,710,781,65,809,665,66,602,67,68,804,69,647,641,70,71,72,73,74,75,76,77,611,78,79,80,792,639,848,81,661,505,759,522,541,511,532,577,82,1001,83,595,84,85,593,86,87,88,89,538,90,91,911,694,752,568,569,530,92,544,93,94,95,96,768,97,844,98,749,744,99,100,589,651,101,102,103,104,915,812,612,525,516,686,105,727,106,868,644,632,107,108,109,1016,1020,713,921,777,669,981,958,1024,791,110,111,112,748,113,664,1010,114,115,116,117,667,118,537,509,550,562,520,610,119,120,594,121,122,769,640,627,754,955,652,123,738,124,716,999,646,739,872,787,706,801,491,920,490,623,904,839,125,700,967,961,126,127,514,503,506,128,129,130,634,131,132,133,534,527,529,134,135,136,583,512,533,567,523,575,549,489,137,772,766,613,138,782,139,140,942,697,585,486,588,599,814,853,141,142,143,972,144,570,528,517,560,507,811,771,145,724,893,830,761,837,898,722,146,584,147,148,149,150,933,987,666,151,152,676,153,154,155,156,951,157,158,729,159,160,161,908,838,162,659,163,690,877,624,795,1018,966,699,715,916,687,689,164,688,836,730,625,885,808,883,882,794,947,165,897,166,167,168,169,485,170,171,172,173,932,174,175,176,177,703,964,178,179,180,181,912,182,183,184,185,186,993,535,187,188,189,190,191,192,193,194,195,196,197,198,199,200,201,202,203,204,501,603,502,205,775,206,207,208,742,209,210,211,212,213,214,215,974,216,793,217,218,219,220,626,221,937,832,891,802,222,604,488,543,556,223,597,224,225,226,917,227,555,228,229,949,948,230,950,231,518,561,565,813,712,786,635,232,756,764,762,763,840,833,895,233,586,734,234,547,857,681,235,236,237,238,239,240,241,843,940,896,622,867,242,753,480,671,704,878,860,243,244,245,246,247,248,249,250,251,796,252,253,484,254,693,255,256,257,621,608,258,259,673,607,578,260,261,262,263,264,265,266,267,268,269,270,674,271,272,273,274,275,598,800,859,276,707,899,835,277,278,279,618,280,856,281,645,579,282,695,633,283,284,680,285,286,826,596,287,288,289,290,557,291,292,1005,973,723,293,294,295,296,720,558,559,297,988,714,298,299,780,1022,711,960,997,1017,698,300,566,301,302,303,755,540,304,552,545,305,306,307,308,309,728,310,750,311,312,313,815,929,314,986,315,670,316,317,553,318,319,320,321,531,510,521,322,508,650,994,546,492,628,323,968,324,824,574,325,326,910,805,499,327,900,702,328,329,330,757,850,888,331,332,708,982,333,894,870,591,656,497,496,334,335,930,939,336,337,798,338,339,340,482,600,479,483,642,341,342,767,343,344,345,346,347,348,349,721,513,504,580,350,519,551,573,548,539,576,351,643,996,495,494,498,352,823,1012,903,1008,863,353,842,825,892,354,355,774,477,475,980,989,985,983,356,357,358,587,1009,359,360,554,526,361,864,362,363,660,797,760,364,938,365,366,367,725,368,765,962,953,851,778,619,369,370,371,372,373,374,770,992,788,758,375,969,581,376,377,701,846,881,378,379,862,601,380,381,382,383,384,657,653,934,784,654,696,385,927,984,542,536,386,387,388,389,869,677,1011,390,931,391,392,393,394,395,396,990,991,397,630,683,398,399,478,400,401,402,403,855,923,887,404,405,975,977,1000,406,407,571,572,408,564,563,637,691,889,409,831,828,827,890,902,410,411,412,413,414,415,416,592,417,418,419,420,620,421,422,726,616,617,423,662,865,424,425,928,426,524,515,427,428,429,685,679,682,430,615,431,976,500,432,606,433,434,435,658,655,922,876,875,871,733,806,631,799,852,874,847,905,959,925,954,803,1002,718,995,886,436,879,731,740,437,438,810,946,737,918,439,440,732,741,441,442,443,444,445,446,906,901,845,785,957,841,821,675,705,913,751,829,447,448,1019,678,1015,880,1021,861,449,914,924,776,779,965,1023,952,668,450,998,858,909,956,451,907,648,936,926,649,834,672,790,935,849,452,919,692,736,963,1004,941,970,735,747,453,454,455,493,944,943,866,456,457,458,1013,609,459,460,854,461,462,463,464,465,466,476,746,745,743,467,468],\"category_operator\":\"IN\",\"post_tag_operator\":\"IN\",\"users\":[],\"users_operator\":\"IN\",\"offset\":1,\"limit\":3,\"order\":\"date\",\"order_direction\":\"DESC\"}},\"props\":{\"title\":{\"filters\":{\"search\":\"\"},\"name\":\"title\"},\"meta\":{\"filters\":{\"search\":\"\"},\"arguments\":{\"separator\":\", \",\"show_link\":true,\"link_style\":\"\"},\"name\":\"categoryString\"},\"image\":{\"filters\":{\"search\":\"\"},\"name\":\"featuredImage.url\"},\"link\":{\"filters\":{\"search\":\"\"},\"name\":\"link\"},\"content\":{\"name\":\"excerpt\"}}},\"props\":{\"panel_style\":\"card-default\"}}],\"name\":\"V2 - Categorie articles\"},{\"type\":\"grid\",\"props\":{\"blend\":false,\"content_column_breakpoint\":\"m\",\"filter_align\":\"left\",\"filter_all\":true,\"filter_grid_breakpoint\":\"m\",\"filter_grid_width\":\"auto\",\"filter_position\":\"top\",\"filter_style\":\"tab\",\"grid_column_align\":true,\"grid_default\":\"1\",\"grid_large\":\"1\",\"grid_medium\":\"1\",\"grid_parallax_justify\":false,\"grid_row_align\":false,\"grid_xlarge\":\"1\",\"icon_width\":\"100\",\"image_align\":\"left\",\"image_grid_breakpoint\":\"m\",\"image_grid_width\":\"auto\",\"image_height\":160,\"image_link\":true,\"image_loading\":true,\"image_svg_color\":\"emphasis\",\"image_svg_inline\":false,\"image_vertical_align\":true,\"image_width\":400,\"item_animation\":true,\"lightbox_bg_close\":true,\"link_style\":\"default\",\"link_text\":\"\",\"margin\":\"remove-vertical\",\"meta_align\":\"above-title\",\"meta_color\":\"secondary\",\"meta_element\":\"div\",\"meta_margin\":\"remove\",\"meta_style\":\"text-small\",\"panel_image_no_padding\":true,\"panel_link\":true,\"panel_padding\":\"small\",\"panel_style\":\"card-default\",\"show_content\":false,\"show_hover_image\":true,\"show_hover_video\":true,\"show_image\":true,\"show_link\":true,\"show_meta\":true,\"show_title\":true,\"show_video\":true,\"text_align\":\"left\",\"title_align\":\"top\",\"title_element\":\"div\",\"title_grid_breakpoint\":\"m\",\"title_grid_width\":\"1-2\",\"title_hover_style\":\"reset\",\"title_link\":false,\"title_margin\":\"remove\",\"title_style\":\"h4\",\"visibility\":\"hidden-s\"},\"children\":[{\"type\":\"grid_item\",\"source\":{\"query\":{\"name\":\"posts.customPosts\",\"arguments\":{\"terms\":[3,4,5,9,11,14,807,17,1014,27,663,35,7,28,36,8,10,12,29,37,22,1,18,19,20,23,21,469,789,582,978,873,38,39,40,41,638,42,43,945,44,590,719,45,1003,971,773,46,47,48,636,49,717,50,605,481,783,51,52,53,884,54,55,56,57,58,59,60,614,629,822,709,61,62,1006,979,684,63,64,710,781,65,809,665,66,602,67,68,804,69,647,641,70,71,72,73,74,75,76,77,611,78,79,80,792,639,848,81,661,505,759,522,541,511,532,577,82,1001,83,595,84,85,593,86,87,88,89,538,90,91,911,694,752,568,569,530,92,544,93,94,95,96,768,97,844,98,749,744,99,100,589,651,101,102,103,104,915,812,612,525,516,686,105,727,106,868,644,632,107,108,109,1016,1020,713,921,777,669,981,958,1024,791,110,111,112,748,113,664,1010,114,115,116,117,667,118,537,509,550,562,520,610,119,120,594,121,122,769,640,627,754,955,652,123,738,124,716,999,646,739,872,787,706,801,491,920,490,623,904,839,125,700,967,961,126,127,514,503,506,128,129,130,634,131,132,133,534,527,529,134,135,136,583,512,533,567,523,575,549,489,137,772,766,613,138,782,139,140,942,697,585,486,588,599,814,853,141,142,143,972,144,570,528,517,560,507,811,771,145,724,893,830,761,837,898,722,146,584,147,148,149,150,933,987,666,151,152,676,153,154,155,156,951,157,158,729,159,160,161,908,838,162,659,163,690,877,624,795,1018,966,699,715,916,687,689,164,688,836,730,625,885,808,883,882,794,947,165,897,166,167,168,169,485,170,171,172,173,932,174,175,176,177,703,964,178,179,180,181,912,182,183,184,185,186,993,535,187,188,189,190,191,192,193,194,195,196,197,198,199,200,201,202,203,204,501,603,502,205,775,206,207,208,742,209,210,211,212,213,214,215,974,216,793,217,218,219,220,626,221,937,832,891,802,222,604,488,543,556,223,597,224,225,226,917,227,555,228,229,949,948,230,950,231,518,561,565,813,712,786,635,232,756,764,762,763,840,833,895,233,586,734,234,547,857,681,235,236,237,238,239,240,241,843,940,896,622,867,242,753,480,671,704,878,860,243,244,245,246,247,248,249,250,251,796,252,253,484,254,693,255,256,257,621,608,258,259,673,607,578,260,261,262,263,264,265,266,267,268,269,270,674,271,272,273,274,275,598,800,859,276,707,899,835,277,278,279,618,280,856,281,645,579,282,695,633,283,284,680,285,286,826,596,287,288,289,290,557,291,292,1005,973,723,293,294,295,296,720,558,559,297,988,714,298,299,780,1022,711,960,997,1017,698,300,566,301,302,303,755,540,304,552,545,305,306,307,308,309,728,310,750,311,312,313,815,929,314,986,315,670,316,317,553,318,319,320,321,531,510,521,322,508,650,994,546,492,628,323,968,324,824,574,325,326,910,805,499,327,900,702,328,329,330,757,850,888,331,332,708,982,333,894,870,591,656,497,496,334,335,930,939,336,337,798,338,339,340,482,600,479,483,642,341,342,767,343,344,345,346,347,348,349,721,513,504,580,350,519,551,573,548,539,576,351,643,996,495,494,498,352,823,1012,903,1008,863,353,842,825,892,354,355,774,477,475,980,989,985,983,356,357,358,587,1009,359,360,554,526,361,864,362,363,660,797,760,364,938,365,366,367,725,368,765,962,953,851,778,619,369,370,371,372,373,374,770,992,788,758,375,969,581,376,377,701,846,881,378,379,862,601,380,381,382,383,384,657,653,934,784,654,696,385,927,984,542,536,386,387,388,389,869,677,1011,390,931,391,392,393,394,395,396,990,991,397,630,683,398,399,478,400,401,402,403,855,923,887,404,405,975,977,1000,406,407,571,572,408,564,563,637,691,889,409,831,828,827,890,902,410,411,412,413,414,415,416,592,417,418,419,420,620,421,422,726,616,617,423,662,865,424,425,928,426,524,515,427,428,429,685,679,682,430,615,431,976,500,432,606,433,434,435,658,655,922,876,875,871,733,806,631,799,852,874,847,905,959,925,954,803,1002,718,995,886,436,879,731,740,437,438,810,946,737,918,439,440,732,741,441,442,443,444,445,446,906,901,845,785,957,841,821,675,705,913,751,829,447,448,1019,678,1015,880,1021,861,449,914,924,776,779,965,1023,952,668,450,998,858,909,956,451,907,648,936,926,649,834,672,790,935,849,452,919,692,736,963,1004,941,970,735,747,453,454,455,493,944,943,866,456,457,458,1013,609,459,460,854,461,462,463,464,465,466,476,746,745,743,467,468],\"category_operator\":\"IN\",\"post_tag_operator\":\"IN\",\"users\":[],\"users_operator\":\"IN\",\"offset\":1,\"limit\":3,\"order\":\"date\",\"order_direction\":\"DESC\"}},\"props\":{\"title\":{\"filters\":{\"search\":\"\"},\"name\":\"title\"},\"meta\":{\"filters\":{\"search\":\"\"},\"arguments\":{\"separator\":\", \",\"show_link\":true,\"link_style\":\"\"},\"name\":\"categoryString\"},\"image\":{\"filters\":{\"search\":\"\"},\"name\":\"featuredImage.url\"},\"link\":{\"filters\":{\"search\":\"\"},\"name\":\"link\"},\"content\":{\"name\":\"excerpt\"}}},\"props\":{\"panel_style\":\"card-default\"}}],\"name\":\"V2 - Categorie articles\"}]}]}]},{\"type\":\"section\",\"props\":{\"image_position\":\"center-center\",\"preserve_color\":true,\"style\":\"primary\",\"title_breakpoint\":\"xl\",\"title_position\":\"top-left\",\"title_rotation\":\"left\",\"vertical_align\":\"middle\",\"width\":\"default\"},\"children\":[{\"type\":\"row\",\"props\":{\"width\":\"default\"},\"children\":[{\"type\":\"column\",\"props\":{\"image_position\":\"center-center\",\"position_sticky_breakpoint\":\"m\"},\"children\":[{\"type\":\"headline\",\"props\":{\"content\":\"<strong>Nos astuces et conseils<\\\/strong>\",\"text_align\":\"center\",\"title_color\":\"background\",\"title_element\":\"h2\",\"title_style\":\"h2\"}},{\"type\":\"grid\",\"props\":{\"content_column_breakpoint\":\"m\",\"filter_align\":\"left\",\"filter_all\":true,\"filter_grid_breakpoint\":\"m\",\"filter_grid_width\":\"auto\",\"filter_position\":\"top\",\"filter_style\":\"tab\",\"grid_default\":\"1\",\"grid_medium\":\"3\",\"icon_width\":80,\"image_align\":\"top\",\"image_grid_breakpoint\":\"m\",\"image_grid_width\":\"1-2\",\"image_height\":480,\"image_link\":true,\"image_svg_color\":\"emphasis\",\"image_transition\":\"scale-up\",\"image_width\":640,\"item_animation\":false,\"lightbox_bg_close\":true,\"link_style\":\"default\",\"link_text\":\"\",\"margin\":\"default\",\"meta_align\":\"above-title\",\"meta_color\":\"secondary\",\"meta_element\":\"div\",\"meta_margin\":\"remove\",\"meta_style\":\"\",\"panel_image_no_padding\":true,\"panel_link\":true,\"panel_link_hover\":true,\"panel_padding\":\"default\",\"panel_style\":\"card-default\",\"show_content\":true,\"show_hover_image\":false,\"show_hover_video\":false,\"show_image\":true,\"show_link\":true,\"show_meta\":true,\"show_title\":true,\"show_video\":false,\"title_align\":\"top\",\"title_element\":\"h3\",\"title_grid_breakpoint\":\"m\",\"title_grid_width\":\"1-2\",\"title_hover_style\":\"reset\",\"title_margin\":\"remove\",\"title_style\":\"h4\"},\"children\":[{\"type\":\"grid_item\",\"source\":{\"query\":{\"name\":\"posts.customPosts\",\"arguments\":{\"terms\":[13,27,28,29],\"category_operator\":\"IN\",\"post_tag_operator\":\"IN\",\"users\":[],\"users_operator\":\"IN\",\"offset\":0,\"limit\":6,\"order\":\"date\",\"order_direction\":\"DESC\",\"category_include_children\":\"include\"}},\"props\":{\"title\":{\"name\":\"title\"},\"meta\":{\"arguments\":{\"separator\":\", \",\"show_link\":true,\"link_style\":\"\"},\"name\":\"categoryString\"},\"content\":{\"name\":\"excerpt\"},\"image\":{\"name\":\"featuredImage.url\"},\"link\":{\"name\":\"link\"}}}}]},{\"type\":\"button\",\"props\":{\"button_size\":\"large\",\"fullwidth\":false,\"grid_column_gap\":\"small\",\"grid_row_gap\":\"\",\"margin\":\"medium\",\"text_align\":\"center\"},\"children\":[{\"type\":\"button_item\",\"props\":{\"button_style\":\"default\",\"content\":\"Voir tous les conseils\",\"dialog_layout\":\"modal\",\"dialog_offcanvas_flip\":true,\"icon_align\":\"left\"},\"source\":{\"query\":{\"name\":\"categories.customCategory\",\"arguments\":{\"id\":13},\"field\":{\"name\":\"children\",\"directives\":[{\"name\":\"slice\",\"arguments\":{\"offset\":0,\"limit\":1}}]}},\"props\":{\"link\":{\"name\":\"link\"}}}}]}]}]}],\"name\":\"Section bleu\"}],\"version\":\"4.5.33\"} --><\/p>\n","protected":false},"excerpt":{"rendered":"<p>Bienvenue sur la vap&rsquo;actu d\u2019Oliquide ! Que vous soyez vapoteur d\u00e9butant ou expert, notre blog est l\u00e0 pour vous accompagner \u00e0 chaque \u00e9tape de votre aventure. Retrouvez ici des conseils pratiques, des guides d\u2019achat, des astuces pour optimiser votre exp\u00e9rience, ainsi que les derni\u00e8res tendances du monde de la vape et du CBD. Nos astuces [&hellip;]<\/p>\n","protected":false},"author":1,"featured_media":0,"parent":0,"menu_order":0,"comment_status":"closed","ping_status":"closed","template":"","meta":{"footnotes":""},"class_list":["post-15338","page","type-page","status-publish","hentry"],"aioseo_notices":[],"jetpack_sharing_enabled":true,"_links":{"self":[{"href":"https:\/\/www.oliquide.com\/blog\/wp-json\/wp\/v2\/pages\/15338","targetHints":{"allow":["GET"]}}],"collection":[{"href":"https:\/\/www.oliquide.com\/blog\/wp-json\/wp\/v2\/pages"}],"about":[{"href":"https:\/\/www.oliquide.com\/blog\/wp-json\/wp\/v2\/types\/page"}],"author":[{"embeddable":true,"href":"https:\/\/www.oliquide.com\/blog\/wp-json\/wp\/v2\/users\/1"}],"replies":[{"embeddable":true,"href":"https:\/\/www.oliquide.com\/blog\/wp-json\/wp\/v2\/comments?post=15338"}],"version-history":[{"count":39,"href":"https:\/\/www.oliquide.com\/blog\/wp-json\/wp\/v2\/pages\/15338\/revisions"}],"predecessor-version":[{"id":19420,"href":"https:\/\/www.oliquide.com\/blog\/wp-json\/wp\/v2\/pages\/15338\/revisions\/19420"}],"wp:attachment":[{"href":"https:\/\/www.oliquide.com\/blog\/wp-json\/wp\/v2\/media?parent=15338"}],"curies":[{"name":"wp","href":"https:\/\/api.w.org\/{rel}","templated":true}]}}