{"id":7208,"date":"2023-08-22T08:31:13","date_gmt":"2023-08-22T07:31:13","guid":{"rendered":"https:\/\/vapactu.oliquide.com\/?page_id=7208"},"modified":"2025-05-27T16:13:27","modified_gmt":"2025-05-27T14:13:27","slug":"espace-solidaire","status":"publish","type":"page","link":"https:\/\/www.oliquide.com\/blog\/actus\/espace-solidaire\/","title":{"rendered":"Espace Solidaire"},"content":{"rendered":"<div id=\"ez-toc-container\" class=\"ez-toc-v2_0_82_2 counter-hierarchy ez-toc-counter ez-toc-grey ez-toc-container-direction\">\n<div class=\"ez-toc-title-container\">\n<p class=\"ez-toc-title\" style=\"cursor:inherit\">Sommaire<\/p>\n<span class=\"ez-toc-title-toggle\"><a href=\"#\" class=\"ez-toc-pull-right ez-toc-btn ez-toc-btn-xs ez-toc-btn-default ez-toc-toggle\" aria-label=\"Toggle Table of Content\"><span class=\"ez-toc-js-icon-con\"><span class=\"\"><span class=\"eztoc-hide\" style=\"display:none;\">Toggle<\/span><span class=\"ez-toc-icon-toggle-span\"><svg style=\"fill: #999;color:#999\" xmlns=\"http:\/\/www.w3.org\/2000\/svg\" class=\"list-377408\" width=\"20px\" height=\"20px\" viewBox=\"0 0 24 24\" fill=\"none\"><path d=\"M6 6H4v2h2V6zm14 0H8v2h12V6zM4 11h2v2H4v-2zm16 0H8v2h12v-2zM4 16h2v2H4v-2zm16 0H8v2h12v-2z\" fill=\"currentColor\"><\/path><\/svg><svg style=\"fill: #999;color:#999\" class=\"arrow-unsorted-368013\" xmlns=\"http:\/\/www.w3.org\/2000\/svg\" width=\"10px\" height=\"10px\" viewBox=\"0 0 24 24\" version=\"1.2\" baseProfile=\"tiny\"><path d=\"M18.2 9.3l-6.2-6.3-6.2 6.3c-.2.2-.3.4-.3.7s.1.5.3.7c.2.2.4.3.7.3h11c.3 0 .5-.1.7-.3.2-.2.3-.5.3-.7s-.1-.5-.3-.7zM5.8 14.7l6.2 6.3 6.2-6.3c.2-.2.3-.5.3-.7s-.1-.5-.3-.7c-.2-.2-.4-.3-.7-.3h-11c-.3 0-.5.1-.7.3-.2.2-.3.5-.3.7s.1.5.3.7z\"\/><\/svg><\/span><\/span><\/span><\/a><\/span><\/div>\n<nav><ul class='ez-toc-list ez-toc-list-level-1 eztoc-toggle-hide-by-default' ><li class='ez-toc-page-1 ez-toc-heading-level-1'><a class=\"ez-toc-link ez-toc-heading-1\" href=\"https:\/\/www.oliquide.com\/blog\/actus\/espace-solidaire\/#LEspace_Solidaire\" >L&rsquo;Espace Solidaire<\/a><ul class='ez-toc-list-level-2' ><li class='ez-toc-heading-level-2'><a class=\"ez-toc-link ez-toc-heading-2\" href=\"https:\/\/www.oliquide.com\/blog\/actus\/espace-solidaire\/#LEspace_Solidaire_dOliquide_kesako\" >L&rsquo;Espace Solidaire d&rsquo;Oliquide, kesako ?<\/a><\/li><li class='ez-toc-page-1 ez-toc-heading-level-2'><a class=\"ez-toc-link ez-toc-heading-3\" href=\"https:\/\/www.oliquide.com\/blog\/actus\/espace-solidaire\/#Les_actus_solidaires\" >Les actus solidaires<\/a><\/li><li class='ez-toc-page-1 ez-toc-heading-level-2'><a class=\"ez-toc-link ez-toc-heading-4\" href=\"https:\/\/www.oliquide.com\/blog\/actus\/espace-solidaire\/#Les_videos_solidaires\" >Les vid\u00e9os solidaires<\/a><\/li><\/ul><\/li><\/ul><\/nav><\/div>\n<h1><span class=\"ez-toc-section\" id=\"LEspace_Solidaire\"><\/span>L&rsquo;Espace Solidaire<span class=\"ez-toc-section-end\"><\/span><\/h1>\n<div>\n<p><strong>Et si le commerce n&rsquo;\u00e9tait pas un simple \u00e9change entre un vendeur et un acheteur ? <\/strong><br \/><strong>Et si, \u00e0 cela, s\u2019ajoutait un v\u00e9ritable engagement humain, solidaire et citoyen ? <\/strong><br \/><strong>Et si on voyait plus loin ?<\/strong><\/p>\n<p><span style=\"font-weight: 400;\">Tant de questions qui trottaient dans les esprits de Francis et Jean-Marc depuis le lancement de leur activit\u00e9. <\/span><span style=\"font-weight: 400;\">D\u2019autant plus que tous deux ont longtemps eu un pied dans le monde associatif ! <\/span><span style=\"font-weight: 400;\">De ces r\u00e9flexions est n\u00e9 un concept des plus singuliers : l\u2019Espace Solidaire. Le principe : permettre aux clients de verser 2,5% du Chiffre d\u2019Affaires d\u2019Oliquide au(x) projet(s) associatif(s) de leur choix.\u00a0<\/span><\/p>\n<\/div>\n<p><img decoding=\"async\" src=\"\/blog\/wp-content\/uploads\/2023\/08\/espace-solidaire-.jpg\" alt=\"espace solidaire\"><\/p>\n<h2><span class=\"ez-toc-section\" id=\"LEspace_Solidaire_dOliquide_kesako\"><\/span>\n<h2 style=\"text-align: left;\">L&rsquo;Espace Solidaire d&rsquo;Oliquide, kesako ?<span class=\"ez-toc-section-end\"><\/span><\/h2>\n<\/h2>\n<div>\n<p style=\"text-align: left;\"><a href=\"https:\/\/www.oliquide.com\/compteUtilisateur\/espaceSolidaire\/index.php\"> L&rsquo;Espace Solidaire <\/a>, c&rsquo;est une plateforme de crowdfunding directement int\u00e9gr\u00e9e \u00e0 notre site de e-commerce Oliquide.com sur laquelle nous permettons \u00e0 nos clients de reverser 5% de notre chiffre d&rsquo;affaires \u00e0 des projets associatifs.<\/p>\n<p style=\"text-align: left;\">Lorsque vous passez commande sur Oliquide, nous versons 5% du montant de votre commande dans votre cagnotte fid\u00e9lit\u00e9 et 2,5% dans votre cagnotte solidaire. La cagnotte fid\u00e9lit\u00e9, c&rsquo;est pour vous. Vous pourrez la d\u00e9duire de votre prochaine commande. La cagnotte fid\u00e9lit\u00e9, c&rsquo;est pour soutenir les projets de votre choix directement depuis l&rsquo;Espace Solidaire !<\/p>\n<p style=\"text-align: left;\">N&rsquo;importe quelle association peut s&rsquo;inscrire sur l&rsquo;Espace Solidaire et y d\u00e9poser un projet tant qu&rsquo;elle a une existence l\u00e9gale et qu&rsquo;elle ne va pas \u00e0 l&rsquo;encontre des valeurs r\u00e9publicaines. Ainsi, depuis le lancement de l&rsquo;Espace Solidaire en novembre 2020, + de 30 projets associatifs ont \u00e9t\u00e9 soutenus via la plateforme pour un total de plus de 70 000\u20ac remis \u00e0 des associations !<\/p>\n<p style=\"text-align: left;\">Et ce n&rsquo;est que le d\u00e9but&#8230;<\/p>\n<\/div>\n<h2><span class=\"ez-toc-section\" id=\"Les_actus_solidaires\"><\/span>Les actus solidaires<span class=\"ez-toc-section-end\"><\/span><\/h2>\n<div>\n<\/div>\n<h2><span class=\"ez-toc-section\" id=\"Les_videos_solidaires\"><\/span>Les vid\u00e9os solidaires<span class=\"ez-toc-section-end\"><\/span><\/h2>\n<p><iframe src=\"https:\/\/youtu.be\/yGuJvw5mNa4?list=PL4lczJLO_Najxw_DA-zu5NW5rkAorSMkp\"><\/iframe><br \/>\n<iframe src=\"https:\/\/youtu.be\/skpWO0s26KE?list=PL4lczJLO_Najxw_DA-zu5NW5rkAorSMkp\"><\/iframe><br \/>\n<iframe src=\"https:\/\/youtu.be\/ASxUy-Uw418?list=PL4lczJLO_Najxw_DA-zu5NW5rkAorSMkp\"><\/iframe><br \/>\n<iframe src=\"https:\/\/youtu.be\/9XmkDpEsAZg?list=PL4lczJLO_Najxw_DA-zu5NW5rkAorSMkp\"><\/iframe><br \/>\n<iframe src=\"https:\/\/youtu.be\/kesNy5qU7XM?list=PL4lczJLO_Najxw_DA-zu5NW5rkAorSMkp\"><\/iframe><br \/>\n<iframe src=\"https:\/\/youtu.be\/Yn-bdTV9RrQ?list=PL4lczJLO_Najxw_DA-zu5NW5rkAorSMkp\"><\/iframe><br \/>\n<iframe src=\"https:\/\/youtu.be\/ddlJSJBiHK4?list=PL4lczJLO_Najxw_DA-zu5NW5rkAorSMkp\"><\/iframe><br \/>\n<iframe src=\"https:\/\/youtu.be\/BxW7YVbhWBQ?list=PL4lczJLO_Najxw_DA-zu5NW5rkAorSMkp\"><\/iframe><br \/>\n<iframe src=\"https:\/\/youtu.be\/p-pu--q2ybI?list=PL4lczJLO_Najxw_DA-zu5NW5rkAorSMkp\"><\/iframe><br \/>\n<iframe src=\"https:\/\/youtu.be\/1kjNKswPsh4?list=PL4lczJLO_Najxw_DA-zu5NW5rkAorSMkp\"><\/iframe><br \/>\n<iframe src=\"https:\/\/youtu.be\/oi18RXP6VDQ?list=PL4lczJLO_Najxw_DA-zu5NW5rkAorSMkp\"><\/iframe><br \/>\n<iframe src=\"https:\/\/youtu.be\/7W_SAlo-TeE?list=PL4lczJLO_Najxw_DA-zu5NW5rkAorSMkp\"><\/iframe><\/p>\n<p><!--more--><br \/>\n<!-- {\"type\":\"layout\",\"children\":[{\"type\":\"section\",\"props\":{\"image_position\":\"center-center\",\"style\":\"primary\",\"title_breakpoint\":\"xl\",\"title_position\":\"top-left\",\"title_rotation\":\"left\",\"vertical_align\":\"middle\",\"width\":\"default\"},\"children\":[{\"type\":\"row\",\"children\":[{\"type\":\"column\",\"props\":{\"image_position\":\"center-center\",\"position_sticky_breakpoint\":\"m\"},\"children\":[{\"type\":\"headline\",\"props\":{\"content\":\"L'Espace Solidaire\",\"title_element\":\"h1\"}},{\"type\":\"text\",\"props\":{\"column_breakpoint\":\"m\",\"content\":\"\n\n<p><strong>Et si le commerce n'\\u00e9tait pas un simple \\u00e9change entre un vendeur et un acheteur ? <\\\/strong><br \\\/><strong>Et si, \\u00e0 cela, s\\u2019ajoutait un v\\u00e9ritable engagement humain, solidaire et citoyen ? <\\\/strong><br \\\/><strong>Et si on voyait plus loin ?<\\\/strong><\\\/p>\\n\n\n<p><span style=\\\"font-weight: 400;\\\">Tant de questions qui trottaient dans les esprits de Francis et Jean-Marc depuis le lancement de leur activit\\u00e9. <\\\/span><span style=\\\"font-weight: 400;\\\">D\\u2019autant plus que tous deux ont longtemps eu un pied dans le monde associatif ! <\\\/span><span style=\\\"font-weight: 400;\\\">De ces r\\u00e9flexions est n\\u00e9 un concept des plus singuliers : l\\u2019Espace Solidaire. Le principe : permettre aux clients de verser 2,5% du Chiffre d\\u2019Affaires d\\u2019Oliquide au(x) projet(s) associatif(s) de leur choix.\\u00a0<\\\/span><\\\/p>\",\"dropcap\":false,\"margin\":\"default\"}}]}]}]},{\"type\":\"section\",\"props\":{\"image_position\":\"center-center\",\"padding_remove_bottom\":false,\"style\":\"default\",\"title_breakpoint\":\"xl\",\"title_position\":\"top-left\",\"title_rotation\":\"left\",\"vertical_align\":\"\",\"width\":\"default\"},\"children\":[{\"type\":\"row\",\"children\":[{\"type\":\"column\",\"props\":{\"image_position\":\"center-center\",\"position_sticky_breakpoint\":\"m\"},\"children\":[{\"type\":\"image\",\"props\":{\"image\":\"wp-content\\\/uploads\\\/2023\\\/08\\\/espace-solidaire-.jpg\",\"image_alt\":\"espace solidaire\",\"image_border\":\"rounded\",\"image_box_decoration\":\"mask\",\"image_svg_color\":\"emphasis\",\"margin\":\"medium\",\"text_align\":\"center\"}}]}]}],\"name\":\"header pages\"},{\"type\":\"section\",\"props\":{\"image_position\":\"center-center\",\"padding\":\"small\",\"padding_remove_bottom\":false,\"padding_remove_top\":true,\"style\":\"default\",\"title_breakpoint\":\"xl\",\"title_position\":\"top-left\",\"title_rotation\":\"left\",\"vertical_align\":\"\",\"width\":\"default\"},\"children\":[{\"type\":\"row\",\"children\":[{\"type\":\"column\",\"props\":{\"image_position\":\"center-center\",\"position_sticky_breakpoint\":\"m\"},\"children\":[{\"type\":\"headline\",\"props\":{\"content\":\"\n\n<h2 style=\\\"text-align: left;\\\">L'Espace Solidaire d'Oliquide, kesako ?<\\\/h2>\",\"margin_remove_top\":true,\"text_align\":\"center\",\"title_element\":\"h2\"}},{\"type\":\"text\",\"props\":{\"column_breakpoint\":\"m\",\"content\":\"\n\n<p style=\\\"text-align: left;\\\"><a href=\\\"https:\\\/\\\/www.oliquide.com\\\/compteUtilisateur\\\/espaceSolidaire\\\/index.php\\\"> L'Espace Solidaire <\\\/a>, c'est une plateforme de crowdfunding directement int\\u00e9gr\\u00e9e \\u00e0 notre site de e-commerce Oliquide.com sur laquelle nous permettons \\u00e0 nos clients de reverser 5% de notre chiffre d'affaires \\u00e0 des projets associatifs.<\\\/p>\\n\n\n<p style=\\\"text-align: left;\\\">Lorsque vous passez commande sur Oliquide, nous versons 5% du montant de votre commande dans votre cagnotte fid\\u00e9lit\\u00e9 et 2,5% dans votre cagnotte solidaire. La cagnotte fid\\u00e9lit\\u00e9, c'est pour vous. Vous pourrez la d\\u00e9duire de votre prochaine commande. La cagnotte fid\\u00e9lit\\u00e9, c'est pour soutenir les projets de votre choix directement depuis l'Espace Solidaire !<\\\/p>\\n\n\n<p style=\\\"text-align: left;\\\">N'importe quelle association peut s'inscrire sur l'Espace Solidaire et y d\\u00e9poser un projet tant qu'elle a une existence l\\u00e9gale et qu'elle ne va pas \\u00e0 l'encontre des valeurs r\\u00e9publicaines. Ainsi, depuis le lancement de l'Espace Solidaire en novembre 2020, + de 30 projets associatifs ont \\u00e9t\\u00e9 soutenus via la plateforme pour un total de plus de 70 000\\u20ac remis \\u00e0 des associations !<\\\/p>\\n\n\n<p style=\\\"text-align: left;\\\">Et ce n'est que le d\\u00e9but...<\\\/p>\",\"dropcap\":false,\"margin\":\"default\"}}]}]}],\"name\":\"header pages\"},{\"type\":\"section\",\"props\":{\"image_position\":\"center-center\",\"padding\":\"small\",\"padding_remove_top\":false,\"style\":\"muted\",\"title_breakpoint\":\"xl\",\"title_position\":\"top-left\",\"title_rotation\":\"left\",\"vertical_align\":\"\",\"width\":\"default\"},\"children\":[{\"type\":\"row\",\"children\":[{\"type\":\"column\",\"props\":{\"image_position\":\"center-center\",\"position_sticky_breakpoint\":\"m\"},\"children\":[{\"type\":\"headline\",\"props\":{\"content\":\"Les actus solidaires\",\"margin\":\"medium\",\"margin_remove_top\":false,\"text_align\":\"center\",\"title_element\":\"h2\"}},{\"type\":\"grid\",\"props\":{\"content_column_breakpoint\":\"m\",\"css\":\".el-meta {\\n\\tposition:absolute;\\n    top: 0;\\n    display: inline-block;\\n    padding: 5px 8px;\\n    background-color: #B64757;\\n    left: 0;\\n}\\n\\n.el-meta a {\\n\\tcolor:white;\\n}\",\"filter_align\":\"left\",\"filter_all\":true,\"filter_grid_breakpoint\":\"m\",\"filter_grid_width\":\"auto\",\"filter_position\":\"top\",\"filter_style\":\"tab\",\"grid_column_align\":true,\"grid_default\":\"1\",\"grid_large\":\"3\",\"grid_medium\":\"2\",\"grid_xlarge\":\"auto\",\"icon_width\":\"100\",\"image_align\":\"top\",\"image_grid_breakpoint\":\"m\",\"image_grid_width\":\"1-2\",\"image_height\":\"220\",\"image_link\":true,\"image_loading\":true,\"image_svg_color\":\"emphasis\",\"image_svg_inline\":false,\"image_width\":\"460\",\"item_animation\":true,\"item_maxwidth\":\"large\",\"lightbox_bg_close\":true,\"link_style\":\"default\",\"link_text\":\"\",\"margin\":\"default\",\"meta_align\":\"above-title\",\"meta_color\":\"warning\",\"meta_element\":\"div\",\"meta_margin\":\"remove\",\"meta_style\":\"text-small\",\"panel_image_no_padding\":true,\"panel_padding\":\"small\",\"panel_style\":\"card-hover\",\"show_content\":false,\"show_hover_image\":true,\"show_hover_video\":true,\"show_image\":true,\"show_link\":true,\"show_meta\":false,\"show_title\":true,\"show_video\":true,\"title_align\":\"top\",\"title_element\":\"div\",\"title_grid_breakpoint\":\"m\",\"title_grid_width\":\"1-2\",\"title_hover_style\":\"reset\",\"title_margin\":\"remove\",\"title_style\":\"text-large\"},\"children\":[{\"type\":\"grid_item\",\"source\":{\"query\":{\"name\":\"posts.customPosts\",\"arguments\":{\"terms\":[9],\"category_operator\":\"IN\",\"post_tag_operator\":\"IN\",\"users\":[],\"users_operator\":\"IN\",\"offset\":0,\"limit\":100,\"order\":\"date\",\"order_direction\":\"DESC\"}},\"props\":{\"title\":{\"filters\":{\"search\":\"\"},\"name\":\"title\"},\"meta\":{\"filters\":{\"search\":\"\"},\"arguments\":{\"separator\":\", \",\"show_link\":true,\"link_style\":\"\"},\"name\":\"categoryString\"},\"image\":{\"filters\":{\"search\":\"\"},\"name\":\"featuredImage.url\"},\"link\":{\"filters\":{\"search\":\"\"},\"name\":\"link\"}}},\"props\":{\"panel_style\":\"card-default\"}}],\"name\":\"Grid Standard ARTICLES\"}]}]}],\"name\":\"pages actus\"},{\"type\":\"section\",\"props\":{\"image_position\":\"center-center\",\"padding\":\"small\",\"padding_remove_bottom\":false,\"style\":\"primary\",\"title_breakpoint\":\"xl\",\"title_position\":\"top-left\",\"title_rotation\":\"left\",\"vertical_align\":\"\",\"width\":\"default\"},\"children\":[{\"type\":\"row\",\"children\":[{\"type\":\"column\",\"props\":{\"image_position\":\"center-center\",\"position_sticky_breakpoint\":\"m\"},\"children\":[{\"type\":\"headline\",\"props\":{\"content\":\"Les vid\\u00e9os solidaires\",\"margin\":\"large\",\"text_align\":\"center\",\"title_element\":\"h2\"}}]}]}],\"name\":\"pages actus\"},{\"type\":\"section\",\"props\":{\"image_position\":\"center-center\",\"padding_remove_top\":true,\"style\":\"primary\",\"title_breakpoint\":\"xl\",\"title_position\":\"top-left\",\"title_rotation\":\"left\",\"vertical_align\":\"\",\"width\":\"default\"},\"children\":[{\"type\":\"row\",\"props\":{\"layout\":\"1-3,1-3,1-3\"},\"children\":[{\"type\":\"column\",\"props\":{\"image_position\":\"center-center\",\"position_sticky_breakpoint\":\"m\",\"width_medium\":\"1-3\"},\"children\":[{\"type\":\"video\",\"props\":{\"margin\":\"default\",\"video\":\"https:\\\/\\\/youtu.be\\\/yGuJvw5mNa4?list=PL4lczJLO_Najxw_DA-zu5NW5rkAorSMkp\",\"video_controls\":true,\"video_width\":\"700\"}},{\"type\":\"video\",\"props\":{\"margin\":\"default\",\"video\":\"https:\\\/\\\/youtu.be\\\/skpWO0s26KE?list=PL4lczJLO_Najxw_DA-zu5NW5rkAorSMkp\",\"video_controls\":true,\"video_width\":\"700\"}},{\"type\":\"video\",\"props\":{\"margin\":\"default\",\"video\":\"https:\\\/\\\/youtu.be\\\/ASxUy-Uw418?list=PL4lczJLO_Najxw_DA-zu5NW5rkAorSMkp\",\"video_controls\":true,\"video_width\":\"700\"}},{\"type\":\"video\",\"props\":{\"margin\":\"default\",\"video\":\"https:\\\/\\\/youtu.be\\\/9XmkDpEsAZg?list=PL4lczJLO_Najxw_DA-zu5NW5rkAorSMkp\",\"video_controls\":true,\"video_width\":\"700\"}}]},{\"type\":\"column\",\"props\":{\"image_position\":\"center-center\",\"position_sticky_breakpoint\":\"m\",\"width_medium\":\"1-3\"},\"children\":[{\"type\":\"video\",\"props\":{\"margin\":\"default\",\"video\":\"https:\\\/\\\/youtu.be\\\/kesNy5qU7XM?list=PL4lczJLO_Najxw_DA-zu5NW5rkAorSMkp\",\"video_controls\":true,\"video_width\":\"700\"}},{\"type\":\"video\",\"props\":{\"margin\":\"default\",\"video\":\"https:\\\/\\\/youtu.be\\\/Yn-bdTV9RrQ?list=PL4lczJLO_Najxw_DA-zu5NW5rkAorSMkp\",\"video_controls\":true,\"video_width\":\"700\"}},{\"type\":\"video\",\"props\":{\"margin\":\"default\",\"video\":\"https:\\\/\\\/youtu.be\\\/ddlJSJBiHK4?list=PL4lczJLO_Najxw_DA-zu5NW5rkAorSMkp\",\"video_controls\":true,\"video_width\":\"700\"}},{\"type\":\"video\",\"props\":{\"margin\":\"default\",\"video\":\"https:\\\/\\\/youtu.be\\\/BxW7YVbhWBQ?list=PL4lczJLO_Najxw_DA-zu5NW5rkAorSMkp\",\"video_controls\":true,\"video_width\":\"700\"}}]},{\"type\":\"column\",\"props\":{\"image_position\":\"center-center\",\"position_sticky_breakpoint\":\"m\",\"width_medium\":\"1-3\"},\"children\":[{\"type\":\"video\",\"props\":{\"margin\":\"default\",\"video\":\"https:\\\/\\\/youtu.be\\\/p-pu--q2ybI?list=PL4lczJLO_Najxw_DA-zu5NW5rkAorSMkp\",\"video_controls\":true,\"video_width\":\"700\"}},{\"type\":\"video\",\"props\":{\"margin\":\"default\",\"video\":\"https:\\\/\\\/youtu.be\\\/1kjNKswPsh4?list=PL4lczJLO_Najxw_DA-zu5NW5rkAorSMkp\",\"video_controls\":true,\"video_width\":\"700\"}},{\"type\":\"video\",\"props\":{\"margin\":\"default\",\"video\":\"https:\\\/\\\/youtu.be\\\/oi18RXP6VDQ?list=PL4lczJLO_Najxw_DA-zu5NW5rkAorSMkp\",\"video_controls\":true,\"video_width\":\"700\"}},{\"type\":\"video\",\"props\":{\"margin\":\"default\",\"video\":\"https:\\\/\\\/youtu.be\\\/7W_SAlo-TeE?list=PL4lczJLO_Najxw_DA-zu5NW5rkAorSMkp\",\"video_controls\":true,\"video_width\":\"700\"}}]}]}]},{\"type\":\"section\",\"props\":{\"image_position\":\"center-center\",\"style\":\"primary\",\"title_breakpoint\":\"xl\",\"title_position\":\"top-left\",\"title_rotation\":\"left\",\"vertical_align\":\"\",\"width\":\"default\"},\"children\":[{\"type\":\"row\",\"children\":[{\"type\":\"column\",\"props\":{\"image_position\":\"center-center\",\"position_sticky_breakpoint\":\"m\"},\"children\":[{\"type\":\"totop\",\"props\":{\"margin\":\"medium\",\"text_align\":\"center\",\"title\":\"Retour vers le haut de la page\",\"title_grid_column_gap\":\"small\",\"title_grid_row_gap\":\"small\"},\"name\":\"TO TOP\"}]}]}],\"name\":\"pages actus\"}],\"version\":\"4.5.17\"} --><\/p>\n","protected":false},"excerpt":{"rendered":"<p>L&rsquo;Espace Solidaire Et si le commerce n&rsquo;\u00e9tait pas un simple \u00e9change entre un vendeur et un acheteur ? Et si, \u00e0 cela, s\u2019ajoutait un v\u00e9ritable engagement humain, solidaire et citoyen ? Et si on voyait plus loin ? Tant de questions qui trottaient dans les esprits de Francis et Jean-Marc depuis le lancement de leur [&hellip;]<\/p>\n","protected":false},"author":2,"featured_media":0,"parent":6252,"menu_order":2,"comment_status":"closed","ping_status":"closed","template":"","meta":{"footnotes":""},"class_list":["post-7208","page","type-page","status-publish","hentry"],"aioseo_notices":[],"jetpack_sharing_enabled":true,"_links":{"self":[{"href":"https:\/\/www.oliquide.com\/blog\/wp-json\/wp\/v2\/pages\/7208","targetHints":{"allow":["GET"]}}],"collection":[{"href":"https:\/\/www.oliquide.com\/blog\/wp-json\/wp\/v2\/pages"}],"about":[{"href":"https:\/\/www.oliquide.com\/blog\/wp-json\/wp\/v2\/types\/page"}],"author":[{"embeddable":true,"href":"https:\/\/www.oliquide.com\/blog\/wp-json\/wp\/v2\/users\/2"}],"replies":[{"embeddable":true,"href":"https:\/\/www.oliquide.com\/blog\/wp-json\/wp\/v2\/comments?post=7208"}],"version-history":[{"count":10,"href":"https:\/\/www.oliquide.com\/blog\/wp-json\/wp\/v2\/pages\/7208\/revisions"}],"predecessor-version":[{"id":15750,"href":"https:\/\/www.oliquide.com\/blog\/wp-json\/wp\/v2\/pages\/7208\/revisions\/15750"}],"up":[{"embeddable":true,"href":"https:\/\/www.oliquide.com\/blog\/wp-json\/wp\/v2\/pages\/6252"}],"wp:attachment":[{"href":"https:\/\/www.oliquide.com\/blog\/wp-json\/wp\/v2\/media?parent=7208"}],"curies":[{"name":"wp","href":"https:\/\/api.w.org\/{rel}","templated":true}]}}