{"id":7554,"date":"2023-11-20T15:44:11","date_gmt":"2023-11-20T14:44:11","guid":{"rendered":"https:\/\/vapactu.oliquide.com\/?page_id=7554"},"modified":"2025-01-07T09:19:05","modified_gmt":"2025-01-07T08:19:05","slug":"vdlv","status":"publish","type":"page","link":"https:\/\/www.oliquide.com\/blog\/marques-e-liquide\/vdlv\/","title":{"rendered":"VDLV"},"content":{"rendered":"<div>\n<p>        <img decoding=\"async\" src=\"\/blog\/wp-content\/uploads\/2024\/04\/banniere-vldv-blog-1.jpg\" alt=\"vincent dans les vapes\"><\/p>\n<\/div>\n<h1>VDLV &#8211; Vincent dans les vapes<\/h1>\n<div>\n<div class=\"w-full text-token-text-primary border-b border-black\/10 gizmo:border-0 dark:border-gray-900\/50 gizmo:dark:border-0 bg-gray-50 gizmo:bg-transparent dark:bg-[#444654] gizmo:dark:bg-transparent\" data-testid=\"conversation-turn-3\">\n<div class=\"p-4 gizmo:py-2 justify-center text-base md:gap-6 md:py-6 m-auto\">\n<div class=\"flex flex-1 gap-4 text-base mx-auto md:gap-6 gizmo:gap-3 gizmo:md:px-5 gizmo:lg:px-1 gizmo:xl:px-5 md:max-w-2xl lg:max-w-[38rem] gizmo:md:max-w-3xl gizmo:lg:max-w-[40rem] gizmo:xl:max-w-[48rem] xl:max-w-3xl } group\">\n<div class=\"relative flex w-[calc(100%-50px)] flex-col gizmo:w-full lg:w-[calc(100%-115px)] agent-turn\">\n<div class=\"flex-col gap-1 md:gap-3\">\n<div class=\"flex flex-grow flex-col max-w-full gap-3 gizmo:gap-0\">\n<div data-message-author-role=\"assistant\" data-message-id=\"69c9f16e-af00-41f8-858f-0df055bef5f5\" class=\"min-h-[20px] text-message flex flex-col items-start gap-3 whitespace-pre-wrap break-words [.text-message+&amp;]:mt-5 overflow-x-auto\">\n<div class=\"markdown prose w-full break-words dark:prose-invert dark\">\n<p><span style=\"font-weight: 400;\"><strong>VDLV, ou Valoriser, D\u00e9velopper et L\u00e9gitimer la Vapologie<\/strong>, est un pionnier de la vape fran\u00e7aise. Depuis 2010, cette marque se distingue par son engagement en faveur de la qualit\u00e9, de <strong>l&rsquo;innovation<\/strong> et de <strong>l&rsquo;\u00e9thique<\/strong>. Sp\u00e9cialis\u00e9 dans la fabrication d\u2019e-liquides haut de gamme et la production de <strong>nicotine vapologique<\/strong>, VDLV valorise une approche responsable et transparente, garantissant des produits sans \u00e9dulcorants ni sucralose, certifi\u00e9s <strong>AFNOR<\/strong> et <strong>Origine France Garantie<\/strong>. Que vous soyez un vapoteur d\u00e9butant ou exp\u00e9riment\u00e9, plongez dans l&rsquo;univers de VDLV et d\u00e9couvrez des e-liquides aux saveurs travaill\u00e9es, con\u00e7us pour vous accompagner dans <strong>votre sevrage tabagique<\/strong>.<\/span><\/p>\n<p><span style=\"font-weight: 400;\">Les marques de e-liquides propos\u00e9es incluent Vincent dans les Vapes, Cirkus, V\u2019ice et 814 ainsi qu&rsquo;une collection d\u00e9di\u00e9e aux liquides au sel de nicotine. Que vous cherchiez des saveurs tabac, fruit\u00e9es, gourmandes ou menthol\u00e9es, <\/span><b>VDLV est l\u00e0 pour vous satisfaire dans votre exp\u00e9rience de vapotage.<\/b><\/p>\n<\/div>\n<\/div>\n<\/div>\n<\/div>\n<\/div>\n<\/div>\n<\/div>\n<\/div>\n<\/div>\n<hr>\n<div>\n<\/div>\n<hr>\n<p>\n    <a href=\"https:\/\/www.oliquide.com\/recharge-liquides.?p15[]=4\">D\u00e9couvrir tous les produits VDLV sur Oliquide<\/a>\n<\/p>\n<p><!--more--><br \/>\n<!-- {\"type\":\"layout\",\"children\":[{\"type\":\"section\",\"props\":{\"image_position\":\"center-center\",\"style\":\"default\",\"title_breakpoint\":\"xl\",\"title_position\":\"top-left\",\"title_rotation\":\"left\",\"vertical_align\":\"\",\"width\":\"default\"},\"children\":[{\"type\":\"row\",\"children\":[{\"type\":\"column\",\"props\":{\"image_position\":\"center-center\",\"position_sticky_breakpoint\":\"m\"},\"children\":[{\"type\":\"overlay\",\"props\":{\"image\":\"wp-content\\\/uploads\\\/2024\\\/04\\\/banniere-vldv-blog-1.jpg\",\"image_alt\":\"vincent dans les vapes\",\"link_style\":\"default\",\"link_text\":\"Read more\",\"margin\":\"default\",\"meta_align\":\"below-title\",\"meta_element\":\"div\",\"meta_style\":\"text-meta\",\"overlay_hover\":true,\"overlay_mode\":\"cover\",\"overlay_position\":\"center\",\"overlay_style\":\"overlay-primary\",\"overlay_transition\":\"fade\",\"text_align\":\"center\",\"text_color\":\"light\",\"title_element\":\"h3\",\"title_hover_style\":\"reset\"}},{\"type\":\"headline\",\"props\":{\"content\":\"VDLV - Vincent dans les vapes\",\"title_element\":\"h1\"}},{\"type\":\"text\",\"props\":{\"column_breakpoint\":\"m\",\"content\":\"\n\n<div class=\\\"w-full text-token-text-primary border-b border-black\\\/10 gizmo:border-0 dark:border-gray-900\\\/50 gizmo:dark:border-0 bg-gray-50 gizmo:bg-transparent dark:bg-[#444654] gizmo:dark:bg-transparent\\\" data-testid=\\\"conversation-turn-3\\\">\\n\n\n<div class=\\\"p-4 gizmo:py-2 justify-center text-base md:gap-6 md:py-6 m-auto\\\">\\n\n\n<div class=\\\"flex flex-1 gap-4 text-base mx-auto md:gap-6 gizmo:gap-3 gizmo:md:px-5 gizmo:lg:px-1 gizmo:xl:px-5 md:max-w-2xl lg:max-w-[38rem] gizmo:md:max-w-3xl gizmo:lg:max-w-[40rem] gizmo:xl:max-w-[48rem] xl:max-w-3xl } group\\\">\\n\n\n<div class=\\\"relative flex w-[calc(100%-50px)] flex-col gizmo:w-full lg:w-[calc(100%-115px)] agent-turn\\\">\\n\n\n<div class=\\\"flex-col gap-1 md:gap-3\\\">\\n\n\n<div class=\\\"flex flex-grow flex-col max-w-full gap-3 gizmo:gap-0\\\">\\n\n\n<div data-message-author-role=\\\"assistant\\\" data-message-id=\\\"69c9f16e-af00-41f8-858f-0df055bef5f5\\\" class=\\\"min-h-[20px] text-message flex flex-col items-start gap-3 whitespace-pre-wrap break-words [.text-message+&amp;]:mt-5 overflow-x-auto\\\">\\n\n\n<div class=\\\"markdown prose w-full break-words dark:prose-invert dark\\\">\\n\n\n<p><span style=\\\"font-weight: 400;\\\"><strong>VDLV, ou Valoriser, D\\u00e9velopper et L\\u00e9gitimer la Vapologie<\\\/strong>, est un pionnier de la vape fran\\u00e7aise. Depuis 2010, cette marque se distingue par son engagement en faveur de la qualit\\u00e9, de <strong>l'innovation<\\\/strong> et de <strong>l'\\u00e9thique<\\\/strong>. Sp\\u00e9cialis\\u00e9 dans la fabrication d\\u2019e-liquides haut de gamme et la production de <strong>nicotine vapologique<\\\/strong>, VDLV valorise une approche responsable et transparente, garantissant des produits sans \\u00e9dulcorants ni sucralose, certifi\\u00e9s <strong>AFNOR<\\\/strong> et <strong>Origine France Garantie<\\\/strong>. Que vous soyez un vapoteur d\\u00e9butant ou exp\\u00e9riment\\u00e9, plongez dans l'univers de VDLV et d\\u00e9couvrez des e-liquides aux saveurs travaill\\u00e9es, con\\u00e7us pour vous accompagner dans <strong>votre sevrage tabagique<\\\/strong>.<\\\/span><\\\/p>\\n\n\n<p><span style=\\\"font-weight: 400;\\\">Les marques de e-liquides propos\\u00e9es incluent Vincent dans les Vapes, Cirkus, V\\u2019ice et 814 ainsi qu'une collection d\\u00e9di\\u00e9e aux liquides au sel de nicotine. Que vous cherchiez des saveurs tabac, fruit\\u00e9es, gourmandes ou menthol\\u00e9es, <\\\/span><b>VDLV est l\\u00e0 pour vous satisfaire dans votre exp\\u00e9rience de vapotage.<\\\/b><\\\/p>\\n<\\\/div>\\n<\\\/div>\\n<\\\/div>\\n<\\\/div>\\n<\\\/div>\\n<\\\/div>\\n<\\\/div>\\n<\\\/div>\",\"margin\":\"default\"}},{\"type\":\"divider\",\"props\":{\"divider_element\":\"hr\",\"margin\":\"medium\"},\"name\":\"DIVISEUR 1 PAGE MARQUE\"},{\"type\":\"grid\",\"props\":{\"content_column_breakpoint\":\"m\",\"css\":\".el-meta {\\n\\tposition:absolute;\\n    top: 0;\\n    display: inline-block;\\n    padding: 5px 8px;\\n    background-color: #B64757;\\n    left: 0;\\n}\\n\\n.el-meta a {\\n\\tcolor:white;\\n}\",\"filter_align\":\"left\",\"filter_all\":true,\"filter_grid_breakpoint\":\"m\",\"filter_grid_width\":\"auto\",\"filter_position\":\"top\",\"filter_style\":\"tab\",\"grid_column_align\":true,\"grid_default\":\"1\",\"grid_large\":\"3\",\"grid_medium\":\"2\",\"grid_xlarge\":\"auto\",\"icon_width\":\"100\",\"image_align\":\"top\",\"image_grid_breakpoint\":\"m\",\"image_grid_width\":\"1-2\",\"image_height\":\"220\",\"image_link\":true,\"image_loading\":true,\"image_svg_color\":\"emphasis\",\"image_svg_inline\":false,\"image_width\":\"460\",\"item_animation\":true,\"item_maxwidth\":\"large\",\"link_style\":\"default\",\"link_text\":\"\",\"margin\":\"default\",\"meta_align\":\"above-title\",\"meta_color\":\"warning\",\"meta_element\":\"div\",\"meta_margin\":\"remove\",\"meta_style\":\"text-small\",\"panel_image_no_padding\":true,\"panel_padding\":\"small\",\"panel_style\":\"card-hover\",\"show_content\":false,\"show_image\":true,\"show_link\":true,\"show_meta\":false,\"show_title\":true,\"title_align\":\"top\",\"title_element\":\"div\",\"title_grid_breakpoint\":\"m\",\"title_grid_width\":\"1-2\",\"title_hover_style\":\"reset\",\"title_margin\":\"remove\",\"title_style\":\"text-large\"},\"children\":[{\"type\":\"grid_item\",\"source\":{\"query\":{\"name\":\"posts.customPosts\",\"arguments\":{\"terms\":[454],\"category_operator\":\"IN\",\"post_tag_operator\":\"IN\",\"users\":[],\"users_operator\":\"IN\",\"offset\":0,\"limit\":100,\"order\":\"date\",\"order_direction\":\"DESC\"}},\"props\":{\"title\":{\"filters\":{\"search\":\"\"},\"name\":\"title\"},\"meta\":{\"filters\":{\"search\":\"\"},\"arguments\":{\"separator\":\", \",\"show_link\":true,\"link_style\":\"\"},\"name\":\"categoryString\"},\"image\":{\"filters\":{\"search\":\"\"},\"name\":\"featuredImage.url\"},\"link\":{\"filters\":{\"search\":\"\"},\"name\":\"link\"}}}}],\"name\":\"Grid Standard ARTICLES\"},{\"type\":\"divider\",\"props\":{\"divider_element\":\"hr\",\"margin\":\"medium\"},\"name\":\"DIVISEUR 1 PAGE MARQUE\"},{\"type\":\"button\",\"props\":{\"grid_column_gap\":\"small\",\"grid_row_gap\":\"small\",\"margin\":\"default\",\"text_align\":\"center\"},\"children\":[{\"type\":\"button_item\",\"props\":{\"button_style\":\"primary\",\"content\":\"D\\u00e9couvrir tous les produits VDLV sur Oliquide\",\"icon\":\"chevron-double-right\",\"icon_align\":\"right\",\"link\":\"https:\\\/\\\/www.oliquide.com\\\/recharge-liquides.?p15[]=4\"}}]}]}]}],\"name\":\"PAGE MARQUE \"}],\"version\":\"4.4.18\"} --><\/p>\n","protected":false},"excerpt":{"rendered":"<p>VDLV &#8211; Vincent dans les vapes VDLV, ou Valoriser, D\u00e9velopper et L\u00e9gitimer la Vapologie, est un pionnier de la vape fran\u00e7aise. Depuis 2010, cette marque se distingue par son engagement en faveur de la qualit\u00e9, de l&rsquo;innovation et de l&rsquo;\u00e9thique. Sp\u00e9cialis\u00e9 dans la fabrication d\u2019e-liquides haut de gamme et la production de nicotine vapologique, VDLV [&hellip;]<\/p>\n","protected":false},"author":2,"featured_media":0,"parent":6730,"menu_order":0,"comment_status":"closed","ping_status":"closed","template":"","meta":{"footnotes":""},"class_list":["post-7554","page","type-page","status-publish","hentry"],"aioseo_notices":[],"jetpack_sharing_enabled":true,"_links":{"self":[{"href":"https:\/\/www.oliquide.com\/blog\/wp-json\/wp\/v2\/pages\/7554","targetHints":{"allow":["GET"]}}],"collection":[{"href":"https:\/\/www.oliquide.com\/blog\/wp-json\/wp\/v2\/pages"}],"about":[{"href":"https:\/\/www.oliquide.com\/blog\/wp-json\/wp\/v2\/types\/page"}],"author":[{"embeddable":true,"href":"https:\/\/www.oliquide.com\/blog\/wp-json\/wp\/v2\/users\/2"}],"replies":[{"embeddable":true,"href":"https:\/\/www.oliquide.com\/blog\/wp-json\/wp\/v2\/comments?post=7554"}],"version-history":[{"count":0,"href":"https:\/\/www.oliquide.com\/blog\/wp-json\/wp\/v2\/pages\/7554\/revisions"}],"up":[{"embeddable":true,"href":"https:\/\/www.oliquide.com\/blog\/wp-json\/wp\/v2\/pages\/6730"}],"wp:attachment":[{"href":"https:\/\/www.oliquide.com\/blog\/wp-json\/wp\/v2\/media?parent=7554"}],"curies":[{"name":"wp","href":"https:\/\/api.w.org\/{rel}","templated":true}]}}